alse
Suppose 7*t - 173 = 100. Let v be t*1*(-10)/15. Let q(b) = -b**3 - 24*b**2 - 32*b - 5. Is q(v) composite?
False
Let o be (-5 - -2)/(57/(-62681)). Suppose -15*h = -16*h + o. Is h composite?
False
Let v be (1 + 3 - 6) + 0/(-1). Let d be (2 + v + 0)/1. Suppose 3*k + j = 7*k - 10050, 4*k + j - 10054 = d. Is k composite?
True
Let r be -11 + (-3 - -3) + 7. Is (-2)/r*149412/6 composite?
False
Let r(j) = 7*j**3 + 3*j**2 - 4*j + 2. Let a be r(2). Let h = a - 71. Is 1626/h*12/(-8) composite?
False
Is (0 + 1)*(-3816580)/240*-60 a composite number?
True
Is 12/(-21) - (-523986)/14 composite?
True
Suppose 0 = -2*x + 8, -5*x - 51324 = -4*q - 3*x. Suppose 8*t - 4*v = 7*t + q, 5*v + 64240 = 5*t. Is t composite?
False
Suppose 49857 = 10*z - 25233. Is z composite?
True
Is (-5 - -1)/(32/(-328616)) prime?
True
Is ((-998325460)/(-24))/67 + (-7)/6 + 1 prime?
True
Let p be (-276)/14 - (-6)/(-21). Let r = p - -20. Suppose r = -2*f + 5*b + 1721, -2*f + 856 = -f - b. Is f prime?
True
Let q = -13 + 91. Let t = 245 - q. Let h = -12 + t. Is h a prime number?
False
Let h(u) = 266*u + 2168. Let p be h(-9). Suppose -j - 2*j + 1260 = 0. Let o = j + p. Is o prime?
False
Let x(y) = -y**3 - 9*y**2 - 5*y - 5. Let f(q) = q**2 + q - 1. Let k(r) = -3*f(r) + x(r). Suppose 37*d - 294 = -849. Is k(d) a composite number?
True
Suppose -5*y + 10 = 3*a, -10 = -5*y - 9*a + 5*a. Suppose 353 = 4*b - d, d + y*d = 5*b - 436. Is b composite?
False
Let u(g) = -2*g**3 + 3*g**2 - 2*g. Let n be u(1). Let w(l) = 5587*l**2 - 4*l - 6. Is w(n) prime?
False
Let c(n) = 10*n - 50. Let b be c(5). Suppose 0 = -6*i - b*i + 16458. Is i prime?
False
Is -4 - (-28)/6 - (-7770567)/63 composite?
True
Let w(h) = 146*h**2 + 71*h**2 - 1 - 4*h + 9*h. Suppose 8*b - 412 = -396. Is w(b) a composite number?
False
Let r be (-840)/196*21*-5. Suppose -r*n = -447*n - 3177. Is n prime?
False
Let m be (-7)/(-42) + 23/6. Suppose 3*a + o = -0*o + 26303, -m*o + 17542 = 2*a. Is a a prime number?
False
Let n(c) = 91*c + 2*c**3 - 277*c + 92*c + 1073 + c**2 + 90*c. Is n(0) prime?
False
Suppose -2*z = -4*g - 0*z + 14, -2*g + 10 = 2*z. Suppose -g*m + 4*w + 3202 = 5*w, 5*m + 4*w = 4008. Suppose x = 713 + m. Is x prime?
False
Let p = -14481 + 5492. Let w = -5376 - p. Is w a prime number?
True
Let b = -1704 + 11515. Is b a prime number?
True
Let a be 5326*(-1 - (-30)/12). Let u = a - 790. Is u a composite number?
True
Suppose -3*d = 5*o - 1054622, -4*d + 695*o = 700*o - 1406151. Is d composite?
False
Let w = 25 + -22. Let v be -2*(5 - w) - -25. Suppose v*x = 9371 + 1192. Is x composite?
False
Let y(i) = 24*i + 158. Let g be y(-7). Is (g - 155/(-15)) + (-31000)/(-6) a composite number?
False
Is (388193 - 2)/(40/10) + (-90)/(-72) a prime number?
False
Let g be (-16)/10 + (-4)/10. Let n be (g/8)/(7/21)*-4. Suppose 3*p + 25 = 8*p, n*p = -5*l + 1550. Is l composite?
False
Let r(f) = -f**2 - 17*f - 70. Let t be r(-9). Suppose 2*s - 4888 = t*k, -3*k = s - 8*k - 2456. Is s a composite number?
False
Suppose -6*p + 348 = 6*p. Let t = p + -33. Is 30/(-25)*5210/t a prime number?
False
Suppose -h + 57 = -207. Is 6609/((h/(-16))/(-11)) a prime number?
False
Let p(d) = -4*d**3 + 15*d**2 - 560*d - 107. Is p(-44) a prime number?
False
Suppose 2*i - g = 12, -5*g + 6 = i - 2*g. Let z be 1/(4/374)*i. Is z/12*-2*-2 composite?
True
Suppose 36*l = 29*l + 84. Let f be l*(11325/9 + -5). Suppose -4909 = 3*r - f. Is r a composite number?
True
Suppose -1 = -v, 4*i - v - 339714 + 59775 = 0. Is i a composite number?
True
Let z(w) = -w**3 - 20*w**2 - 49*w + 42. Let a be z(-17). Is -13119*a/60*(-5)/2 composite?
False
Suppose 36*g - 38666493 = -30838640 + 37789583. Is g prime?
True
Suppose -95*v + 102466 = -89*v - 11930. Is v a composite number?
True
Suppose -4*x - 2 = 14, -3*x = 3*o - 408. Let n = 5781 + o. Is n a prime number?
False
Let s = -964448 + 1432625. Is s a composite number?
True
Suppose 0 = 388*s - 400*s + 4138188. Is s prime?
False
Let c = 211 + -205. Is 3/c + (-25326)/(-12) a composite number?
False
Suppose 0 = -73*i + 5824004 + 1051647. Is i composite?
True
Suppose 17*w - 4779476 + 877610 = 4181107. Is w composite?
False
Let p(m) = 6*m**2 - m - 9. Suppose -2*n + 15 = n - 5*y, -5*n + 5*y = -25. Let c be 8 - (30/n)/3. Is p(c) a prime number?
False
Let n = 788052 + -546481. Is n a composite number?
True
Suppose -19*f = -21*f. Suppose f = -2*t - 5*m + 3984, -3*t + 4*m + 9927 = 2*t. Is t composite?
False
Let c be -2*(7 + -3 - 6). Suppose 5*w - 11749 = -c*u + 3952, -4*w + 3*u = -12536. Is w a prime number?
True
Is 9332/6*(2 + 5 + 41 + -45) prime?
False
Let z(v) = 8703*v - 7. Is z(16) a prime number?
True
Suppose -5*v = 14 - 24. Suppose -v*j + 1710 = 16*j. Is j prime?
False
Let j = -5301 - -12902. Is j composite?
True
Let q(y) = y**3 + 5*y**2 + 12*y + 101. Is q(24) a prime number?
True
Let z = 75 + 293. Let t(d) = 22*d**3 - 3*d**2 - 3*d - 1. Let w be t(-2). Let s = w + z. Is s prime?
False
Let j be (-232)/(-28) + ((-18)/21)/3. Suppose 3*q + j = 32. Is q/(-44) + (-9913)/(-11) prime?
False
Let q(w) = 171*w**2 + 21*w - 1011. Is q(26) composite?
True
Let t(y) = -114*y**3 + y**2 - y - 1. Let a = -47 - -50. Suppose a = -4*g - 5*v - 16, -v - 3 = 0. Is t(g) a prime number?
False
Suppose 17*r - 90233 = -h + 16*r, 0 = -3*h + 5*r + 270747. Is h prime?
True
Let u be 108/10 - 188/235. Is (12/u)/(8/154820) a composite number?
True
Let g = -11496 - -32393. Is g composite?
False
Let u(w) be the third derivative of 3*w**5/20 - w**4/24 + w**3/6 + 9*w**2. Let i be u(1). Is 1061/4*(-5 + i) composite?
False
Suppose 2853079 = 14*x + 1968536 - 7960895. Is x a prime number?
True
Let x(h) = -h**3 - h**2 - 4108. Let m(d) = -2*d**3 - 2*d**2 - 4109. Let g(t) = 2*m(t) - 3*x(t). Is g(0) a prime number?
False
Suppose 24 = -8*u + 56. Suppose 3*s - 21337 = -6*t + 8*t, u*s = 3*t + 28450. Is s prime?
False
Let a(w) = -w**3 + 3*w**2 + 4*w + 2. Let k be a(4). Suppose 4*s + 28 = 4*u, -5*u + 0*s + 14 = k*s. Suppose -u*c = -1265 - 2291. Is c a composite number?
True
Suppose 2*u = 8*x - 6*x - 51486, -x - 5*u = -25731. Is x composite?
False
Suppose -4*v - 6*j = -295576, -2*v - 5*j + 0*j = -147784. Is v a composite number?
False
Let c(d) = 1565*d**2 + 4*d - 2. Let p = -213 + 214. Is c(p) prime?
True
Let c(l) = -3*l**3 - 35*l**2 - 14*l + 51. Is c(-26) a prime number?
True
Let f(t) = -t**3 - 38*t**2 + 3*t + 111. Let p be f(-38). Let x(v) = -2423*v + 124. Is x(p) a prime number?
True
Suppose 2*m - 5328*k - 217426 = -5326*k, -4*m + k = -434852. Is m a composite number?
True
Let m = 52 - 79. Let w = 24 + m. Is (((-25)/(-2))/(-5) - w)*1522 a prime number?
True
Let q = 654857 - 304620. Is q prime?
True
Suppose 204377*s - 204382*s = -21962305. Is s a composite number?
False
Is (-2)/(-4)*(23 + -37 - 1511472/(-2)) prime?
False
Let t be (10 - 146/(-9)) + 2/(-9). Is -2*t*(-87)/12 a composite number?
True
Let b(m) = -m**2 + 12*m + 7. Let p be b(12). Let r be (-4 - 0/(2 + -1)) + p. Suppose -r*t + t = -3514. Is t composite?
True
Let g = -1904 + 3448. Suppose g = -4*h + 15500. Suppose -q = 3*q - 3*m - 6973, m + h = 2*q. Is q a prime number?
True
Suppose 2*m - 403840 = -1367*k + 1369*k, m - 4*k = 201941. Is m prime?
False
Let z = 385 - 380. Suppose 3*r - 30405 = 2*w, 7*r - z*r - 2*w - 20272 = 0. Is r composite?
False
Suppose 27*m - 5*t - 2880 = 26*m, -4*t - 2876 = -m. Suppose -4*o - 8*a = -4*a - m, 2*o - 1426 = -3*a. Is o a composite number?
False
Let o(q) = -6101*q + 10830. Is o(-157) prime?
False
Suppose -p = -2617 + 2547. Suppose 34828 = -66*u + p*u. Is u a composite number?
False
Let h be (6/(0 + 9/(-30)))/2. Is 6458/3*(225/h)/(-5) a composite number?
True
Suppose -4*b + 144 = -5*g - 185, g - 3*b = -57. Let f = 83 + g. Let v(h) = -h**3 + 20*h**2 - 6*h + 2. Is v(f) composite?
True
Let o(y) = 6*y - 230. Let d be o(30). Is ((-1663)/(-5))/(13 - (-640)/d) a composite number?
False
Suppose -639 + 3844 = -5*d. Let b be (-2)/5 + 708/(-5). Let y = b - d. Is y a composite number?
False
Let r(v) = 19*v**3 + 34*v**2 + 5*v + 49. Is r(17) composite?
False
Let z(p) = 74*p**2 + 5*p + 4. Suppose 0 = -3*i - 3, 4*j = 6*i - 4*i - 6. Let f be z(j). Let y = f - 199. Is y a prime number?
False
Let p(b) = 0*b + 12 + 5*b + 32*b**2 - 33*b**2. Let w be p(7). Let y(x) = -544*x - 1. Is y(w) a prime number?
True
Suppose -3*c = -0 - 12, -308